alculate b(29).
147
Let k(d) = 3*d**3 - 73*d**2 + 24*d - 9. What is k(24)?
-9
Let h(v) = 17*v + 221. Determine h(-22).
-153
Let m(h) = 13*h + 324. Give m(-22).
38
Let p(v) = 3*v**3 + 38*v**2 - 7*v - 686. Determine p(-11).
-4
Let b(k) = -13*k**3 - 169*k**2 + 5*k + 50. Give b(-13).
-15
Let j(b) = 19*b**2 - 32*b + 11. Determine j(1).
-2
Let m(w) = -2*w**3 + 2*w**2 + 17*w + 48. Calculate m(-6).
450
Let q(r) = r**3 - 58*r**2 - 231*r - 1052. What is q(62)?
2
Let r(g) = -6*g**2 - 5*g - 5. What is r(-1)?
-6
Let c(r) = -75*r - 326. Calculate c(-4).
-26
Let q(c) = -c**2 - 109*c - 2875. Calculate q(-63).
23
Let i(d) = -2*d**3 - 77*d**2 - 193*d - 474. Calculate i(-36).
-6
Let o(j) = -621*j - 1713. Calculate o(-3).
150
Let w(k) = 502*k + 3291. What is w(-7)?
-223
Let o(b) = 29*b + 386. Give o(-10).
96
Let u(h) = -h**2 + 11*h - 14. What is u(4)?
14
Let y(q) = -137*q + 5609. Calculate y(41).
-8
Let z(c) = 279*c + 1208. What is z(-4)?
92
Let h(n) = 2050*n + 32794. Determine h(-16).
-6
Let r(t) = -29*t**2 - 1087*t - 529. What is r(-37)?
-11
Let f(z) = -57*z**2 - 171*z - 2. What is f(-3)?
-2
Let j(q) = -q**3 - 27*q**2 + 55*q - 70. What is j(-29)?
17
Let l(m) = 2*m**3 - 7*m**2 + 10*m - 6. Calculate l(3).
15
Let t(n) = -115*n**2 - 1034*n + 3. Give t(-9).
-6
Let v(w) = -222*w + 1345. Give v(6).
13
Let w(q) = -719*q - 2805. Give w(-4).
71
Let z(s) = -s**3 + 5*s**2 + 11*s + 9. What is z(7)?
-12
Let c(h) = 3*h**2 + 38*h + 30. Determine c(-12).
6
Let l(n) = -29*n - 1478. Determine l(-51).
1
Let w(o) = o**2 - 895*o + 12328. Calculate w(14).
-6
Let m(o) = -o**2 - 2*o + 786. Give m(-29).
3
Let z(c) = -6*c**2 + 106*c - 458. Give z(10).
2
Let z(r) = -r**3 - 5*r**2 + 4*r + 7. Give z(-6).
19
Let w(h) = 216*h + 416. What is w(-2)?
-16
Let g(l) = -304*l - 37088. Give g(-122).
0
Let j(b) = -4*b**3 + 22*b**2 - 20*b + 56. Calculate j(6).
-136
Let v(q) = q**2 + 15*q + 127. Determine v(-16).
143
Let l(p) = -280*p**2 - 2798*p + 27. Calculate l(-10).
7
Let w(p) = -3*p - 172. What is w(-25)?
-97
Let f(i) = i**3 - 120*i**2 - 126*i + 603. Determine f(121).
-2
Let w(i) = 8753*i - 61282. Calculate w(7).
-11
Let m(h) = 40*h - 278. Give m(7).
2
Let l(s) = 159*s + 126. What is l(-1)?
-33
Let q(a) = -3*a**3 + 28*a**2 - 2*a - 54. Calculate q(9).
9
Let q(r) = -r**2 + 149*r - 2269. Calculate q(17).
-25
Let d(i) = 276*i + 2495. Determine d(-9).
11
Let l(g) = -135*g + 17964. Calculate l(133).
9
Let f(q) = q**3 - 2*q**2 + 64*q - 194. Determine f(3).
7
Let f(r) = r**3 - 3*r**2 + 2*r + 4. Calculate f(3).
10
Let n(y) = y**2 - 23*y - 215. Calculate n(-6).
-41
Let k(v) = -141*v - 16490. What is k(-117)?
7
Let v(r) = 20*r**2 - 298*r - 27. Calculate v(15).
3
Let m(f) = f**2 - 44*f + 477. Calculate m(21).
-6
Let v(b) = 118*b - 6958. What is v(59)?
4
Let l(o) = -1646*o - 22993. Determine l(-14).
51
Let t(j) = j**3 + 12*j**2 + 199*j + 2041. Give t(-11).
-27
Let t(f) = f**2 + 65*f + 1038. Determine t(-28).
2
Let n(h) = h**2 + 26*h + 77. Determine n(-24).
29
Let a(r) = -147*r + 1086. Calculate a(9).
-237
Let x(m) = 26*m**3 - 79*m - 156. What is x(-2)?
-206
Let j(d) = -14*d + 281. What is j(20)?
1
Let w(x) = 2*x**3 - 170*x**2 - 130*x - 3626. Give w(86).
-14
Let l(y) = -822*y + 770. Calculate l(1).
-52
Let v(n) = -4*n**2 - 91*n + 73. Determine v(-22).
139
Let m(h) = h**2 - 4*h + 7. Determine m(2).
3
Let r(b) = 333*b - 1557. What is r(6)?
441
Let a(o) = 15*o**2 - 15*o + 9. Calculate a(2).
39
Let i(o) = o**2 + 2129*o + 19092. Give i(-9).
12
Let x(y) = 129*y + 2019. Give x(-16).
-45
Let k(f) = -61*f - 553. Determine k(-9).
-4
Let s(k) = -16*k**2 - 175*k + 169. Give s(-12).
-35
Let r(t) = t**3 - 13*t**2 - 17*t - 6. Give r(12).
-354
Let c(k) = 1041*k - 5091. What is c(5)?
114
Let i(u) = 23*u - 126. Determine i(5).
-11
Let o(i) = i**2 + 23*i - 78. Calculate o(-29).
96
Let n(h) = 289*h + 10976. Calculate n(-38).
-6
Let s(h) = 16*h - 465. Determine s(28).
-17
Let j(w) = -2*w**2 - 349*w - 14878. Calculate j(-74).
-4
Let m(q) = -91*q**3 + 2*q**2 - 4*q + 2. Give m(1).
-91
Let k(t) = 82*t**2 - 3*t + 7. What is k(1)?
86
Let q(k) = 2*k**2 + 61*k - 50590. Determine q(-175).
-15
Let b(u) = 198*u**3 - u**2 - 2*u + 2. Give b(1).
197
Let x(d) = 12*d**3 - 3*d**2 - 36*d - 38. Give x(-1).
-17
Let l(d) = 45*d - 1171. Give l(27).
44
Let s(b) = 9*b**3 + 38*b**2 + 50*b + 18. Determine s(-1).
-3
Let n(l) = 2*l**2 + 84*l + 369. Determine n(-5).
-1
Let o(a) = -2*a**3 - 13*a**2 + 9*a + 10. Give o(-7).
-4
Let t(a) = a**2 + 232*a - 21889. Determine t(72).
-1
Let s(m) = m**2 - 11*m + 29. Give s(3).
5
Let x(b) = b**3 - 20*b**2 + 15*b - 857. Determine x(21).
-101
Let l(j) = 47*j + 6017. Give l(-127).
48
Let f(w) = 4*w**2 + 13*w - 17. Calculate f(6).
205
Let s(k) = k**3 + 21*k**2 + 74*k - 73. Calculate s(-12).
335
Let h(m) = 4*m**2 - 14*m - 215. Give h(-6).
13
Let i(t) = -4*t**2 + 12*t + 62. Give i(-6).
-154
Let q(i) = -18*i - 335. Determine q(-19).
7
Let g(x) = x**3 + 67*x**2 + 228*x - 1. What is g(-4)?
95
Let c(f) = f**2 - 744*f - 50847. Calculate c(-63).
-6
Let c(u) = -14*u - 22. Determine c(-1).
-8
Let d(k) = k**3 + 21*k**2 - k - 20. Calculate d(-21).
1
Let t(n) = -76*n - 610. Determine t(-8).
-2
Let q(k) = -3*k**3 + 460*k**2 + 307*k + 157. What is q(154)?
3
Let v(m) = 2*m**2 + 71*m - 3229. Give v(26).
-31
Let q(b) = 705*b - 40189. Calculate q(57).
-4
Let u(k) = 4*k**2 + 3*k - 723. Give u(-16).
253
Let s(v) = 6*v**2 + 144*v + 112. Calculate s(-26).
424
Let d(g) = 36*g - 3411. Give d(95).
9
Let y(f) = -7*f**2 - 524*f + 523. Calculate y(1).
-8
Let i(b) = -259*b - 38088. Determine i(-147).
-15
Let c(s) = s**3 - 21*s**2 + 111*s - 162. Determine c(14).
20
Let g(f) = -f**2 + 223*f + 4344. Determine g(-18).
6
Let g(i) = -i**3 + 35*i**2 + 112*i - 2730. Calculate g(36).
6
Let t(v) = -4*v**2 - 128*v + 25. What is t(-32)?
25
Let f(p) = p**3 - 21*p**2 + 50*p + 15. Calculate f(18).
-57
Let u(h) = -28*h**2 + 1008*h + 23. Determine u(36).
23
Let q(x) = 81*x + 5040. Calculate q(-62).
18
Let p(a) = 43555*a - 43547. Calculate p(1).
8
Let b(w) = w**3 + 256*w**2 - 3498*w - 258. Calculate b(-269).
11
Let o(d) = -11*d + 67. Calculate o(-8).
155
Let z(k) = -87*k**2 + 1306*k - 14. What is z(15)?
1
Let o(r) = -6*r**3 + 286*r**2 + 86*r + 493. Calculate o(48).
13
Let k(o) = -5*o**2 + 172*o - 693. Determine k(4).
-85
Let r(l) = -7*l**2 - 308*l - 33. Determine r(-44).
-33
Let u(s) = s**2 + 25*s - 638. What is u(21)?
328
Let u(d) = d**3 + 72*d**2 + 75*d + 304. Determine u(-71).
20
Let r(l) = -15*l**3 - 12*l**2 + 5*l + 5. Calculate r(-1).
3
Let i(r) = -3*r**2 - r - 16. Determine i(-6).
-118
Let o(j) = 101*j**2 - 600*j - 10. Calculate o(6).
26
Let i(g) = 16*g**3 - 2*g**2 - 16*g - 32. What is i(-2)?
-136
Let g(n) = 2*n**2 - 20*n - 100. Calculate g(14).
12
Let v(y) = -403*y**2 - y - 31. What is v(0)?
-31
Let r(l) = 60*l + 839. Give r(-23).
-541
Let w(o) = -o**3 + 28*o**2 - 69*o - 151. Calculate w(25).
-1
Let c(z) = -5*z**2 + 274*z - 3319. Determine c(18).
-7
Let k(x) = 77*x + 27. Give k(0).
27
Let k(g) = 3*g**3 - 282*g**2 + 53*g - 4977. Give k(94).
5
Let w(g) = -11*g**2 - 7*g + 1. Determine w(0).
1
Let y(l) = -l**2 - 46*l + 221. What is y(6)?
-91
Let l(n) = 2*n**2 + 154*n + 2695. Determine l(-27).
-5
Let r(s) = -s**3 - 2*s**2 - 8*s + 12. Determine r(3).
-57
Let h(g) = -2*g**3 - 19*g**2 + 5*g + 23. Give h(-10).
73
Let l(d) = -57*d + 801. What is l(14)?
3
Let m(z) = 91*z - 377. What is m(4)?
-13
Let q(n) = 3*n**2 - 16*n - 17. What is q(6)?
-5
Let a(z) = -z**3 + 10*z**2 + 35*z - 25. What is a(13)?
-77
Let w(k) = -19*k + 1111. What is w(-6)?
1225
Let z(b) = -b**3 + 16*b**2 - 8*b - 16. Determine z(10).
504
Let z(i) = i**3 - 87*i**2 + 7*i - 617. Give z(87).
-8
Let r(q) = -q**3 - 18*q**2 - 64*q - 1143. Give r(-18).
9
Let f(l) = 38*l + 3706. Determine f(-93).
172
Let s(z) = -z**2 - 165*z - 4993. Give s(-125).
7
Let w(y) = 205*y**2 + 2*y + 1. Give w(1).
208
Let u(g) = 1035*g + 13447. Calculate u(-13).
-8
Let c(l) = -61*l + 400. Calculate c(7).
-27
Let b(c) = 2*c**2 + 9*c + 28. What is b(-7)?
63
Let s(f) = -2*f**3 + 21*f**2 - 30*f + 103. Determine s(9).
76
Let a(f) = f**2 - 68*f - 868. Determine a(79).
1
Let h(z) = 10*z**3 + 2*z**2 + 4*z + 1. Give h(-2).
-79
Let p(o) = -o**3 + 74*o**2 + 402*o - 560. What is p(79)?
-7
Let f(j) = j**2 - 30*j - 172. Give f(34).
-36
Let s(u) = 876*u - 